emainder when 403 is divided by q?
1
Calculate the remainder when 166 is divided by 10143/(-252)*(-8 + 4).
5
Suppose 3*h + 1698 = -867*l + 869*l, 844 = l - 4*h. Calculate the remainder when l is divided by 251.
99
Suppose -16*x + 15*x + 1 = 0. Let j(b) = -b**3 + 4*b**2 - 6*b + 9. Let s be j(3). Suppose 5*h - 10 = -s*h. What is the remainder when h is divided by x?
0
What is the remainder when (-1488)/5*(-515)/206 is divided by 68?
64
Let b = 4000 + -3995. What is the remainder when 592 is divided by b?
2
Let t = -8 - -83. Let w = 172 - 192. Calculate the remainder when t is divided by 0/(w/(-5)) - (-13)/1.
10
Let g = -360 - -300. Calculate the remainder when 181 - (-10)/(g/(-42)) is divided by 38.
36
Let l(s) = 1106*s - 6128. Calculate the remainder when 1029 is divided by l(6).
13
Let u = 815 - 482. Suppose -355 = -16*t + u. Calculate the remainder when t is divided by 26.
17
Let j = 236 - 233. Suppose -108 = -4*h - 4*a, -j*h = -a - 2*a - 69. What is the remainder when 97 is divided by h?
22
Let i = 92 + -106. Let r(o) = -o**2 - 12*o + 39. Let s(c) = 2*c - 4. Calculate the remainder when r(i) is divided by s(4).
3
Calculate the remainder when (-19341)/(-168) - (455/56 + -8) is divided by 25.
15
Let l(g) = 69*g**2 - 58*g + 58. Let s = 71 + -51. What is the remainder when l(1) is divided by s?
9
Let p(r) = 3*r**3 - 3*r**2 + 18*r - 33. Calculate the remainder when 230 is divided by p(2).
5
Calculate the remainder when 617 is divided by -1 - -28 - 54/6.
5
Let y = 77 - 71. Let r be (2 - y - 4)/(-2). Suppose 0*g + 5*h + 117 = 2*g, 0 = r*g + 2*h - 198. Calculate the remainder when 201 is divided by g.
48
Let c be (158/(-4))/(6/12). Let v = -16 - c. What is the remainder when v is divided by 13?
11
Suppose -10*v + 13*v = 747. What is the remainder when v is divided by -45*(-5)/((-30)/(-4)) + -2?
25
Let b(m) = -2*m**2 + 20*m + 354. Let g be b(29). What is the remainder when 1546/10 - (g/(-55) - 14) is divided by 7?
1
Suppose 8*q + 654 + 778 = 0. Let p = 196 + q. Calculate the remainder when 39 is divided by p.
5
Let q(r) = r**3 + 7*r**2 + 6*r + 6. Let p = 1 - -5. Calculate the remainder when p/6 + 7*7 is divided by q(-5).
24
Suppose 65*l = 48*l + 1394. Let m = 26 - -382. Calculate the remainder when m is divided by l.
80
Let a(n) = -3*n**2 - 20*n. What is the remainder when 91 is divided by a(-4)?
27
Let m = 3 - -16. What is the remainder when 173/1 - (-8 + -10)/(-6) is divided by m?
18
Suppose 5*i + 0*f - 3*f = 46, 2*i - 24 = 4*f. Suppose 0 = 28*y - 155 - 13. Calculate the remainder when i is divided by y.
2
Let d be (2 - 1) + 17 + -5 + 1. Suppose -d*o + 1291 = -319. Let c = -17 + 47. What is the remainder when o is divided by c?
25
Suppose -143 = -4*n - 4161*i + 4160*i, n - 42 = i. What is the remainder when n is divided by (2/5)/((-2)/(-20))?
1
Calculate the remainder when 10/(26 - 6)*(220 + -14) is divided by 2/(-5) - 67/(-5).
12
Let l = -48 - -52. What is the remainder when (-24)/l - (-69 + -7) is divided by 4?
2
Let t be (-192)/(-128) - (-1)/2. Suppose 0 = t*v - 68*u + 64*u - 94, 3*v - 5*u - 145 = 0. Calculate the remainder when v is divided by 17.
4
Suppose -8*u - 20 = -s - 3*u, -2*u = -5*s + 215. Let o be 194 + (-2)/((-16)/(-56)). Let w = o - 175. Calculate the remainder when s is divided by w.
9
Let c(t) = 13*t**2 + 101*t + 18. Let m(v) = -v**2 - 2*v - 1. Let f(j) = c(j) + 2*m(j). Calculate the remainder when f(-9) is divided by 18.
16
Let k(o) = -o**3 - 8*o**2 + 3*o + 3. Let m = -503 - -671. What is the remainder when m is divided by k(-9)?
54
Suppose -34*y - 115 = -57*y. Suppose 3*u + 27 = 36, y*u + 192 = c. What is the remainder when c is divided by 19?
17
Suppose -10*t = -9*t - 3. Suppose t*c - 8 - 15 = 2*o, 2*c - 14 = o. Suppose 0 = -b - c, 3*b = -s + 2*b - 4. What is the remainder when s is divided by 1?
0
Suppose -149*z - 19071 - 77459 = -394*z. Calculate the remainder when z is divided by 62.
22
Let c = -172526 + 172919. Suppose q - 41 = -4*y, -y + 7 = -4*q - 16. Calculate the remainder when c is divided by y.
8
Suppose -4*t - 5*k + 44 = -2*t, -4*k + 76 = 5*t. Let i = 73 + -68. Let v = i - -15. Calculate the remainder when v is divided by t.
8
Let s(x) = -473*x + 4805. What is the remainder when 256 is divided by s(10)?
31
Let z(u) = -6*u**2 - 19*u - 39. Let y(n) = 12*n**2 + 37*n + 82. Let t(p) = -2*y(p) - 5*z(p). Calculate the remainder when t(-7) is divided by 28.
10
Let u(m) = -2*m**2 - 110*m + 388. What is the remainder when u(-38) is divided by 153?
150
Suppose -2*v = 39 + 27. Let s be (11/v)/(0 + (-2)/24). What is the remainder when 115 is divided by 3/s + (-226)/(-8)?
28
Suppose 0*o = 26*o - 1404. Calculate the remainder when 697 is divided by o.
49
Suppose 149 + 482 = -5*i - 4*d, 0 = 2*i + 4*d + 262. Calculate the remainder when 1/(6/(-36)) - i is divided by 20.
17
Let p = 10678 + -8825. What is the remainder when p is divided by 186?
179
Let u(t) = 9*t**3 - 7*t**3 - 7*t**3 - 8*t**3. Calculate the remainder when u(-2) is divided by 9.
5
Let j be 12/(-15) + 1179/(-45). Let i(t) = t**3 + 29*t**2 + 50*t - 63. What is the remainder when i(j) is divided by 12?
9
Suppose -149 - 17 = -v + 5*r, -4*v = 4*r - 664. Let g = v + -93. What is the remainder when g is divided by 15?
13
Let o = 43390 + -43370. What is the remainder when 257*1/(-1 + 2) is divided by o?
17
Suppose -3*m + 1061 = 5*g, -m = -3*g - 2*m + 639. Suppose -4*w + 140 = -4*t, 3*w - 2*t - 79 - 27 = 0. Calculate the remainder when g is divided by w.
34
Let u(v) be the third derivative of -5/3*v**3 - 2/15*v**5 + 0*v + 5/24*v**4 - 1/60*v**6 - 8*v**2 + 0. What is the remainder when u(-5) is divided by 4?
3
Let h(o) = 13*o**2 + 7*o + 60. Calculate the remainder when h(10) is divided by 53.
52
Suppose 3*j + 36 = 2*d + j, -2*j = 4*d - 102. Suppose -3*b + 339 = -4*f - 13, -f + 556 = 5*b. What is the remainder when b is divided by d?
20
Let o = -7702 + 7733. What is the remainder when 2479 is divided by o?
30
Suppose 76 + 1082 = 6*w - 4*m, -4*w = -m - 782. What is the remainder when w is divided by 180?
17
Let d = 147 + -99. Let o be -3 - (d/10)/((-2)/10). Suppose 5*q + x - 89 = 0, 0 = -q + 2*x + o - 1. What is the remainder when q is divided by 5?
3
Suppose 0 = -5*g + 2*h + 547, 2*g - 213 = -4*h - h. Let z = -103197 - -103225. What is the remainder when g is divided by z?
25
Let d(y) = 170*y - 1536. What is the remainder when d(16) is divided by 15?
14
Suppose f = -4*r + 443, -r = -f + 20 - 127. Let v = 181 - r. What is the remainder when v is divided by 25?
21
Calculate the remainder when 373217/114 - (-3*(-1)/18)/(-1) is divided by 131.
130
Let m(i) = i**2 - 16*i + 50. Let f be m(12). Suppose -k + 4 = 3*g - f*g, 4*k - 13 = -g. Calculate the remainder when 4 is divided by k.
1
Suppose 0 = 4*j + 3*j. Let z(s) = -s**3 + 6*s**2 + 9*s + 7. Calculate the remainder when 43 + 18 + (-3 - j) is divided by z(7).
16
Let f(x) = x**3 - 20*x**2 + 97*x + 28. Suppose 4*q - 5*v - 65 = -q, 5*v = -q + 31. Calculate the remainder when q is divided by f(9).
6
Let n(r) = -3*r + 6 - 4 + 6*r**2 + r**3 + 2. Let q(b) = 2*b**3 + 17*b**2 + 6*b + 26. Calculate the remainder when q(-3) is divided by n(-6).
19
Suppose -856 = -5*o - 2*a, 15*a + 678 = 4*o + 20*a. What is the remainder when 368 is divided by o?
24
Suppose 12*q - 9*q + 9 = 0. Let l = q - -6. Suppose l*o - 12 = -0, 2*c + 3*o = 26. Calculate the remainder when 8 is divided by c.
1
Suppose -c - 4*c - 11 = 3*g, -5*g - 14 = 4*c. Let p = 189 + -134. Calculate the remainder when p is divided by (-58)/(3/(3/g)).
26
Let i(g) = -g + 103. Let l be i(0). Let o = l - 100. Suppose 5*j + 3*p - 32 = 41, 3*j + 3*p = 45. What is the remainder when j is divided by o?
2
Let v(q) = -3*q**3 - 15*q**2 + 6*q - 7. Suppose 2*m - 10 = 2*c, -46*c + 49*c = -5*m + 33. Calculate the remainder when v(-6) is divided by m.
5
Suppose -m + 3*m = 74. What is the remainder when ((-4)/(72/(-393)))/(111/666) is divided by m?
20
Suppose -70*q + 81*q - 396 = 0. Calculate the remainder when 1545 is divided by q.
33
Let t = -5456 - -5659. Calculate the remainder when 3652 is divided by t.
201
Let z = 208 + -260. Let a = 82 + z. Calculate the remainder when 358 is divided by a.
28
Let u(p) = -245*p + 2485. What is the remainder when 4740 is divided by u(10)?
15
Suppose 0 = 163*c + 26*c +